{"id":1078,"date":"2017-03-15T19:10:56","date_gmt":"2017-03-15T17:10:56","guid":{"rendered":"http:\/\/www.museum-freistadt.at\/rosenberger\/?page_id=1078"},"modified":"2020-05-18T17:24:32","modified_gmt":"2020-05-18T15:24:32","slug":"rosenberg-latron","status":"publish","type":"page","link":"https:\/\/www.museum-freistadt.at\/rosenberger\/pfarrdoerfer\/rosenberg-latron\/","title":{"rendered":"Rosenberg-Latron"},"content":{"rendered":"\n<p><strong>Hausbesitzerliste von Latron<\/strong><\/p>\n\n\n\n<div class=\"wp-block-image\"><figure class=\"alignleft size-large is-resized\"><a href=\"https:\/\/www.museum-freistadt.at\/rosenberger\/wp-content\/uploads\/2020\/05\/Latron.jpg\" target=\"_blank\" rel=\"noopener noreferrer\"><img loading=\"lazy\" decoding=\"async\" src=\"https:\/\/www.museum-freistadt.at\/rosenberger\/wp-content\/uploads\/2020\/05\/Latron.jpg\" alt=\"\" class=\"wp-image-2659\" width=\"300\" height=\"221\" srcset=\"https:\/\/www.museum-freistadt.at\/rosenberger\/wp-content\/uploads\/2020\/05\/Latron.jpg 750w, https:\/\/www.museum-freistadt.at\/rosenberger\/wp-content\/uploads\/2020\/05\/Latron-300x222.jpg 300w\" sizes=\"auto, (max-width: 300px) 100vw, 300px\" \/><\/a><\/figure><\/div>\n\n\n\n<p>1 &#8211; Hadraba Marie geb. Watzl, 2 &#8211; Petermichl Josef sen. \u201ePrichzi-Pepsch&#8220;, 3- &nbsp;G\u00f6rling Frieda, &nbsp;4 &#8211; Dr. Ebert Fritz \u201eStifterm\u00fchle&#8220; M\u00fchle und S\u00e4gewerk, 5 &#8211; Petermichl Josef Landwirt \u201eWolf\u201c Einschichte s\u00fcdlich der Stadt, verfallen lag mitten im Wald, &nbsp;6 &#8211; Biebl Leonhard \u201eHaarst\u00fcbler&#8220;, 7 &#8211; Karl Georg Graf Buquoy Deputat des Holzhauers Schatzl, dessen tschechische Frau mit 4 Kindern nicht vertrieben wurde, 8 &#8211; Pils Anton Maurerpolier, 9 &#8211; Dr. Ebert Fritz \u201eM\u00fchlh\u00e4usl&#8220; unbewohnt, 10 &#8211; &nbsp;Brunner Johann sen. Landwirt, Zimmerer und Bindermeister \u201eBinder, &nbsp;11 &#8211; M\u00fcller Karl Forstmeister i. R. \u201eRoggenhofer&#8220;, &nbsp;12 &#8211; Sihorsch Anton Landwirt Schwiegersohn Birnbaumer konnte als \u00d6sterreicher 1945 im Haus bleiben, 13 &#8211; Dr. Ebert Fritz \u201e Dreizehnerh\u00e4usl&#8220; Deputat d. Arbeiters Wawatschek Franz, 14 &#8211; Rostek Johanna geb. Preinfalk \u201eM\u00fchlwegwagner&#8220;, 15 &#8211; Sauer Johann sen. Landwirt und Fr\u00e4chter \u201eWirthansl&#8220;, 16 &#8211; Sternschein Rudolf St. war Jude und nach Amerika ausgewandert. Kehrte 1945 nach Rosenberg zur\u00fcck, wurde von den Tschechen abgewiesen, 17 &#8211; K\u00f6stenberger Ludwig Maurer, 18 -Mittasch Maria und Katharina, 19 &#8211; Wawatschek Franz Landwirt und Tabakhandel, 20 &#8211; P\u00f6schko Josef Fabrikarbeiter \u201eSattler&#8220;, 21 &#8211; Sonnenschein Barbara geb. Ilg \u201ePetzlinovsky&#8220;, 22\/2 3 &#8211; Holzbauer Leopold H. war Jude und hatte 1938 Rosenberg verlassen. Das Doppelhaus mit Gesch\u00e4ft war 1938 von Stefan Schuster gepachtet worden, 24 &#8211; Wagner Wenzl Maurerpolier, 25 &#8211; K\u00f6stenberger Josef, 26 &#8211; abger\u00e4umtes Haus Graf Buquoy geh\u00f6rig, 27 &#8211; Karl Georg Graf Buquoy \u201eForsthaus&#8220; Kanzlei der Forst- u. Dom\u00e4nenverwaltung, 28 &#8211; B\u00f6hm Julie, 29 &#8211; Klima Wolfgang, 30 &#8211; Petermichl Josef Maurer \u201eBergschneider&#8220;, 31 &#8211; Mutzenbauer Wolfgang \u201eWegmacher&#8220; die Eigent\u00fcmer stammten aus Krummau, 32 &#8211; Kanka Georg, 33 &#8211; Derschka Maria geb. Schmied \u201eSchmied am Berg&#8220;, 34 &#8211; Ullmann Johann Malermeister, 35 &#8211; Mardetschl\u00e4ger Johann Maurer \u201eF\u00fcrhofer&#8220;, 36- &nbsp;Bojar Anna verw. Wagner \u201eKorbmacher&#8220;, 37 &#8211; Graf Buquoy bauf\u00e4lliges Haus, 38 -Thurner Josef Brieftr\u00e4ger, 39 &#8211; Tomola Anna \u201eHirterh\u00e4usl&#8220;, 40 &#8211; Bendl Jakob Landwirt und Zimmerer \u201e\u00d6ler&#8220;, 41 &#8211; Graf Buquoy Baugrund, Garten, 42 &#8211; Purtauf Hans \u201eGasthaus zur Traube&#8220;, 43 &#8211; Brouczek Wenzl Zementwarenerzeugung, 44 &#8211; Graf Buquoy \u201eSchweizerh\u00e4usl&#8220; Wohnung f\u00fcr landwirtschaftl. Arbeiter vom M\u00f6dlitzhof, 45 &#8211; Postl Franz sen. Gastwirt \u201eGasthaus zur Br\u00fccke&#8220;, 46 &#8211; Walter Ludwig, 47 &#8211; F\u00fcrhofer Franz, 48 &#8211; Hulka Franz \u201eLenerh\u00e4usl&#8220;, 49 &#8211; Schaufler Albert Tuchmacher, 50 &#8211; Graf Buquoy \u201eGregein&#8220; Deputatwohnung, 51 \u2013 Breitschopf, 52 &#8211; Schuh Therese, geb. Jahn, 53 &#8211; Prieschl Julius \u201eStreitschek-Villa&#8220;, 54 &#8211; Kanzler, geb. Gr\u00fcbl \u201eRiedlbinder&#8220;, 55 &#8211; Petermichl Alois \u201eBurgl-Lois&#8220;, 56 &#8211; Woisetschl\u00e4ger Anton Maurerpolier \u201eZwerschitz&#8220;, 57 &#8211; Schmied Therese, 58 &#8211; Hengster Leopold Maurer \u201eJahnh\u00e4usl&#8220;, 59 &#8211; Jahn Anton, Zimmerer, 60 &#8211; Smetana Johann Schlosser \u201eRockert-Lipp&#8220; S. war Tscheche aus S\u00fcdm\u00e4hren und durch Heirat auf das Haus gekommen. War dort verblieben, 61 &#8211; Wagner Josef Tagl\u00f6hner \u201eWei\u00df&#8220;, 62 &#8211; Havlik Franz \u201eQuirl&#8220;, 63 &#8211; Vater Maria geb. Zemann, 64 &#8211; Graf Buquoy \u201eWinzig&#8220;, 65 &#8211; Graf Buquoy \u201ePawlik&#8220; zu den Baulichkeiten des Schlosses geh\u00f6rig, 66 &#8211; Graf Buquoy Beamtentrakt im Schlo\u00df, 67 -Graf Buquoy Kutscherwohnung, 68 &#8211; Graf Buquoy \u201ealtes Schlo\u00df&#8220;, 69 &#8211; Graf Buquoy \u201eM\u00f6dlitzhof&#8220;, 70 &#8211; Graf Buqoy \u201eHegerhaus&#8220; Deputat Heger Haas, 71 &#8211; Neubauer Karl Zimmerer und Landwirt \u201eSchuasta-Korl&#8220; an der Gemarkungsgrenze nach Hora zu gelegen, 72 &#8211; Fr\u00f6stl Wenzl Schaff er i. R. \u201eFr\u00f6stl-Schaffer&#8220; \u201eSoldatnfranz&#8220;, &nbsp;73 &#8211; Blaschek Hugo \u201eRadlerfriedl&#8220; B. heiratete die Erbin Radler Ther, 74 &#8211; Mardetschl\u00e4ger Anna geb. Schiesser das an Fl\u00e4chenausma\u00df kleinste H\u00e4usl in Rosenberg, 75 &#8211; Gemeinde Rosenberg \u201eSpital&#8220; Armenhaus, 76 &#8211; Graf Buqoy \u201eNeues Schlo\u00df&#8220; Witwensitz, ehem. Hochburg, 77 &#8211; Brunner Anton Schuhmacher, 78 &#8211; Reindl Luise geb. Strobel \u201eAugenthaler&#8220;, 79 &#8211; Radler Katharina geb. Walter \u201eRadler Benedikt&#8220;, 80 &#8211; Brunner Andreas 3\/4 Holzbauer Leopold 1\/4 \u201e Judentempel&#8220;, 81- Wegscheider Hans \u201eJudentuck&#8220; \u201eAlinah\u00e4usl&#8220; fr\u00fcher rituelles Bad der Judengemeinde, 82 &#8211; Graf Buquoy Stallgeb\u00e4ude mit Kutscherwohnung, im Schlo\u00dfbereich, 83 &#8211; Schrenk Josef Maurer \u201eDrei Stadln&#8220;, 84 &#8211; Dworschak Franz Zimmerer \u201eDrei Stadln&#8220;, 85 &#8211; Schrenk Franz Maurer<\/p>\n\n\n\n<div class=\"wp-block-columns is-layout-flex wp-container-core-columns-is-layout-9d6595d7 wp-block-columns-is-layout-flex\">\n<div class=\"wp-block-column is-layout-flow wp-block-column-is-layout-flow\">\n<div class=\"wp-block-image\"><figure class=\"aligncenter size-large is-resized\"><a href=\"https:\/\/www.museum-freistadt.at\/rosenberger\/wp-content\/uploads\/2020\/05\/Rosenberg-Stich.jpg\" target=\"_blank\" rel=\"noopener noreferrer\"><img loading=\"lazy\" decoding=\"async\" src=\"https:\/\/www.museum-freistadt.at\/rosenberger\/wp-content\/uploads\/2020\/05\/Rosenberg-Stich.jpg\" alt=\"\" class=\"wp-image-2652\" width=\"300\" height=\"156\" srcset=\"https:\/\/www.museum-freistadt.at\/rosenberger\/wp-content\/uploads\/2020\/05\/Rosenberg-Stich.jpg 795w, https:\/\/www.museum-freistadt.at\/rosenberger\/wp-content\/uploads\/2020\/05\/Rosenberg-Stich-300x157.jpg 300w, https:\/\/www.museum-freistadt.at\/rosenberger\/wp-content\/uploads\/2020\/05\/Rosenberg-Stich-768x403.jpg 768w\" sizes=\"auto, (max-width: 300px) 100vw, 300px\" \/><\/a><\/figure><\/div>\n<\/div>\n\n\n\n<div class=\"wp-block-column is-layout-flow wp-block-column-is-layout-flow\">\n<div class=\"wp-block-image\"><figure class=\"aligncenter size-large is-resized\"><a href=\"https:\/\/www.museum-freistadt.at\/rosenberger\/wp-content\/uploads\/2020\/05\/Ort_Ro._Latron_neues-Schloss_ca.-1920_K.-3-scaled.jpg\" target=\"_blank\" rel=\"noopener noreferrer\"><img loading=\"lazy\" decoding=\"async\" src=\"https:\/\/www.museum-freistadt.at\/rosenberger\/wp-content\/uploads\/2020\/05\/Ort_Ro._Latron_neues-Schloss_ca.-1920_K.-3-1024x740.jpg\" alt=\"\" class=\"wp-image-2766\" width=\"300\" height=\"217\" srcset=\"https:\/\/www.museum-freistadt.at\/rosenberger\/wp-content\/uploads\/2020\/05\/Ort_Ro._Latron_neues-Schloss_ca.-1920_K.-3-1024x740.jpg 1024w, https:\/\/www.museum-freistadt.at\/rosenberger\/wp-content\/uploads\/2020\/05\/Ort_Ro._Latron_neues-Schloss_ca.-1920_K.-3-300x217.jpg 300w, https:\/\/www.museum-freistadt.at\/rosenberger\/wp-content\/uploads\/2020\/05\/Ort_Ro._Latron_neues-Schloss_ca.-1920_K.-3-768x555.jpg 768w, https:\/\/www.museum-freistadt.at\/rosenberger\/wp-content\/uploads\/2020\/05\/Ort_Ro._Latron_neues-Schloss_ca.-1920_K.-3-1536x1110.jpg 1536w, https:\/\/www.museum-freistadt.at\/rosenberger\/wp-content\/uploads\/2020\/05\/Ort_Ro._Latron_neues-Schloss_ca.-1920_K.-3-2048x1480.jpg 2048w\" sizes=\"auto, (max-width: 300px) 100vw, 300px\" \/><\/a><\/figure><\/div>\n\n\n<\/div>\n<\/div>\n\n\n","protected":false},"excerpt":{"rendered":"<p>Hausbesitzerliste von Latron 1 &#8211; Hadraba Marie geb. Watzl, 2 &#8211; Petermichl Josef sen. \u201ePrichzi-Pepsch&#8220;, 3- &nbsp;G\u00f6rling Frieda, &nbsp;4 &#8211; Dr. Ebert Fritz \u201eStifterm\u00fchle&#8220; M\u00fchle und S\u00e4gewerk, 5 &#8211; Petermichl Josef Landwirt \u201eWolf\u201c Einschichte s\u00fcdlich der Stadt, verfallen lag mitten im Wald, &nbsp;6 &#8211; Biebl Leonhard \u201eHaarst\u00fcbler&#8220;, 7 &#8211; Karl Georg Graf Buquoy Deputat des [&hellip;]<\/p>\n","protected":false},"author":3,"featured_media":0,"parent":50,"menu_order":0,"comment_status":"closed","ping_status":"closed","template":"","meta":{"ngg_post_thumbnail":0,"footnotes":""},"class_list":["post-1078","page","type-page","status-publish","hentry","entry"],"_links":{"self":[{"href":"https:\/\/www.museum-freistadt.at\/rosenberger\/wp-json\/wp\/v2\/pages\/1078","targetHints":{"allow":["GET"]}}],"collection":[{"href":"https:\/\/www.museum-freistadt.at\/rosenberger\/wp-json\/wp\/v2\/pages"}],"about":[{"href":"https:\/\/www.museum-freistadt.at\/rosenberger\/wp-json\/wp\/v2\/types\/page"}],"author":[{"embeddable":true,"href":"https:\/\/www.museum-freistadt.at\/rosenberger\/wp-json\/wp\/v2\/users\/3"}],"replies":[{"embeddable":true,"href":"https:\/\/www.museum-freistadt.at\/rosenberger\/wp-json\/wp\/v2\/comments?post=1078"}],"version-history":[{"count":8,"href":"https:\/\/www.museum-freistadt.at\/rosenberger\/wp-json\/wp\/v2\/pages\/1078\/revisions"}],"predecessor-version":[{"id":2767,"href":"https:\/\/www.museum-freistadt.at\/rosenberger\/wp-json\/wp\/v2\/pages\/1078\/revisions\/2767"}],"up":[{"embeddable":true,"href":"https:\/\/www.museum-freistadt.at\/rosenberger\/wp-json\/wp\/v2\/pages\/50"}],"wp:attachment":[{"href":"https:\/\/www.museum-freistadt.at\/rosenberger\/wp-json\/wp\/v2\/media?parent=1078"}],"curies":[{"name":"wp","href":"https:\/\/api.w.org\/{rel}","templated":true}]}}