{"id":86,"date":"2016-04-05T20:32:38","date_gmt":"2016-04-05T18:32:38","guid":{"rendered":"http:\/\/www.museum-freistadt.at\/rosenberger\/?page_id=86"},"modified":"2020-05-03T16:49:20","modified_gmt":"2020-05-03T14:49:20","slug":"einsiedel","status":"publish","type":"page","link":"https:\/\/www.museum-freistadt.at\/rosenberger\/pfarrdoerfer\/einsiedel\/","title":{"rendered":"Einsiedel"},"content":{"rendered":"\n<div class=\"wp-block-image\"><figure class=\"alignleft size-large is-resized\"><a href=\"https:\/\/www.museum-freistadt.at\/rosenberger\/wp-content\/uploads\/2016\/04\/Einsiedel-Ortsplan.jpg\" target=\"_blank\" rel=\"noopener noreferrer\"><img loading=\"lazy\" decoding=\"async\" src=\"https:\/\/www.museum-freistadt.at\/rosenberger\/wp-content\/uploads\/2016\/04\/Einsiedel-Ortsplan-e1588516959818.jpg\" alt=\"\" class=\"wp-image-1041\" width=\"350\" height=\"159\" srcset=\"https:\/\/www.museum-freistadt.at\/rosenberger\/wp-content\/uploads\/2016\/04\/Einsiedel-Ortsplan-e1588516959818.jpg 472w, https:\/\/www.museum-freistadt.at\/rosenberger\/wp-content\/uploads\/2016\/04\/Einsiedel-Ortsplan-e1588516959818-300x137.jpg 300w\" sizes=\"auto, (max-width: 350px) 100vw, 350px\" \/><\/a><\/figure><\/div>\n\n\n\n<p><strong>Dorf Einsiedel<\/strong><\/p>\n\n\n\n<p>An der Malschingerstra\u00dfe rechts beim Dorfeingang befindet sich das Hofgeb\u00e4ude Einsiedel Nr. 4, was der Hofbauernhof war, dessen letzte Besitzer Josef und Maria Kappl waren. Zu dem Hof geh\u00f6rte ein Grundausma\u00df von 27 ha 62 a 67 m2 . Gleich neben dem Hofbauernhof befand sich der Joglhof mit der Haus-Nr. (Einsiedel) 3. Die letzten Besitzer dieses Hofes waren Johann und Katharina Pils. Der Hof hatte ein Grundausma\u00df von 28 ha 30 a 58 m2 . Anschlie\u00dfend an Haus-Nr. 3 befand sich der Lenzenhof mit der Haus-Nr. 1 und dem Ausgedingerhaus Nr. 2. Die letzten Besitzer dieser Geb\u00e4ude waren das Ehepaar Josef Danko und seine Gattin. Zum Hof geh\u00f6rte ein Grundausma\u00df von 29 ha 19 a 25 m2 . In der N\u00e4he des vorgenannten Hofes, aber auf der linken Wegseite befand sich der Hiaslhof, welcher die Haus-Nr. 7 gehabt. Letzte Besitzer dieser Besitzung waren Josef und Theresia Hysek, deren Grundausma\u00df 26 ha 20 a 22 m2 betragen hat. Hinter dem Hiaslhof, oberhalb der Malschingerstra\u00dfe befand sich das Zimmermannhaus, welches die Haus-Nr. 8 getragen. Der letzte Besitzer des Hauses war Johann Lang. Das Grundausma\u00df, das zu dem Besitz geh\u00f6rte, betrug 2 ha 71 a 71 m2 , davon befanden sich im Gemeindebereich von Rosenberg 1 ha 40 a 5 m2 . Links von der Malschingerstra\u00dfe befand sich (Einsiedel) Nr. 4, was das Joglausgedingerhaus gewesen. In dem Haus hatte zuletzt Johann Ratzek gewohnt. Neben vorgenanntem Ausgedingerhaus befand sich das Gmoah\u00e4usl mit der Haus-Nr. 7. Letzte Bewohner des H\u00e4usels waren die Verwandten von \u201eKrauthanslseppei&#8220;, Josef und Maria Jakesch gewesen. Am 1. Mai 1898 wurden der Hofbauernhof Nr. 4, der Joglhof Nr. 3, sowie der Lenzenhof Nr. l und das Ausgedingerhaus Nr 2. durch einen Brand vernichtet. Die damaligen Besitzer bauten die Geb\u00e4ude im selben Jahr wieder auf. Von der Malschingerstra\u00dfe biegt oberhalb des Dorfes ein Fahrweg ab nach Linden.<\/p>\n\n\n\n<div class=\"wp-block-columns is-layout-flex wp-container-core-columns-is-layout-9d6595d7 wp-block-columns-is-layout-flex\">\n<div class=\"wp-block-column is-layout-flow wp-block-column-is-layout-flow\">\n<div class=\"wp-block-image\"><figure class=\"aligncenter size-full is-resized\"><a href=\"https:\/\/www.museum-freistadt.at\/rosenberger\/wp-content\/uploads\/2020\/05\/Hzt._Einsiedl-7_Stadler-Hiasl.jpg\" target=\"_blank\" rel=\"noopener noreferrer\"><img loading=\"lazy\" decoding=\"async\" src=\"https:\/\/www.museum-freistadt.at\/rosenberger\/wp-content\/uploads\/2020\/05\/Hzt._Einsiedl-7_Stadler-Hiasl.jpg\" alt=\"\" class=\"wp-image-2409\" width=\"300\" height=\"192\" srcset=\"https:\/\/www.museum-freistadt.at\/rosenberger\/wp-content\/uploads\/2020\/05\/Hzt._Einsiedl-7_Stadler-Hiasl.jpg 1024w, https:\/\/www.museum-freistadt.at\/rosenberger\/wp-content\/uploads\/2020\/05\/Hzt._Einsiedl-7_Stadler-Hiasl-300x192.jpg 300w, https:\/\/www.museum-freistadt.at\/rosenberger\/wp-content\/uploads\/2020\/05\/Hzt._Einsiedl-7_Stadler-Hiasl-768x491.jpg 768w\" sizes=\"auto, (max-width: 300px) 100vw, 300px\" \/><\/a><\/figure><\/div>\n\n\n\n<div class=\"wp-block-image\"><figure class=\"aligncenter size-full is-resized\"><a href=\"https:\/\/www.museum-freistadt.at\/rosenberger\/wp-content\/uploads\/2020\/05\/Anmerkung-2020-04-29-142209.jpg\" target=\"_blank\" rel=\"noopener noreferrer\"><img loading=\"lazy\" decoding=\"async\" src=\"https:\/\/www.museum-freistadt.at\/rosenberger\/wp-content\/uploads\/2020\/05\/Anmerkung-2020-04-29-142209.jpg\" alt=\"\" class=\"wp-image-2357\" width=\"300\" height=\"188\" srcset=\"https:\/\/www.museum-freistadt.at\/rosenberger\/wp-content\/uploads\/2020\/05\/Anmerkung-2020-04-29-142209.jpg 723w, https:\/\/www.museum-freistadt.at\/rosenberger\/wp-content\/uploads\/2020\/05\/Anmerkung-2020-04-29-142209-300x188.jpg 300w\" sizes=\"auto, (max-width: 300px) 100vw, 300px\" \/><\/a><\/figure><\/div>\n<\/div>\n\n\n\n<div class=\"wp-block-column is-layout-flow wp-block-column-is-layout-flow\">\n<div class=\"wp-block-image\"><figure class=\"aligncenter size-full is-resized\"><a href=\"https:\/\/www.museum-freistadt.at\/rosenberger\/wp-content\/uploads\/2020\/05\/Einsiedl-HZ-Fischb\u00f6ck_2.jpg\" target=\"_blank\" rel=\"noopener noreferrer\"><img loading=\"lazy\" decoding=\"async\" src=\"https:\/\/www.museum-freistadt.at\/rosenberger\/wp-content\/uploads\/2020\/05\/Einsiedl-HZ-Fischb\u00f6ck_2.jpg\" alt=\"\" class=\"wp-image-2407\" width=\"300\" height=\"211\" srcset=\"https:\/\/www.museum-freistadt.at\/rosenberger\/wp-content\/uploads\/2020\/05\/Einsiedl-HZ-Fischb\u00f6ck_2.jpg 1024w, https:\/\/www.museum-freistadt.at\/rosenberger\/wp-content\/uploads\/2020\/05\/Einsiedl-HZ-Fischb\u00f6ck_2-300x212.jpg 300w, https:\/\/www.museum-freistadt.at\/rosenberger\/wp-content\/uploads\/2020\/05\/Einsiedl-HZ-Fischb\u00f6ck_2-768x542.jpg 768w\" sizes=\"auto, (max-width: 300px) 100vw, 300px\" \/><\/a><\/figure><\/div>\n<\/div>\n<\/div>\n","protected":false},"excerpt":{"rendered":"<p>Dorf Einsiedel An der Malschingerstra\u00dfe rechts beim Dorfeingang befindet sich das Hofgeb\u00e4ude Einsiedel Nr. 4, was der Hofbauernhof war, dessen letzte Besitzer Josef und Maria Kappl waren. Zu dem Hof geh\u00f6rte ein Grundausma\u00df von 27 ha 62 a 67 m2 . Gleich neben dem Hofbauernhof befand sich der Joglhof mit der Haus-Nr. (Einsiedel) 3. Die [&hellip;]<\/p>\n","protected":false},"author":1,"featured_media":0,"parent":50,"menu_order":0,"comment_status":"closed","ping_status":"closed","template":"","meta":{"ngg_post_thumbnail":0,"footnotes":""},"class_list":["post-86","page","type-page","status-publish","hentry","entry"],"_links":{"self":[{"href":"https:\/\/www.museum-freistadt.at\/rosenberger\/wp-json\/wp\/v2\/pages\/86","targetHints":{"allow":["GET"]}}],"collection":[{"href":"https:\/\/www.museum-freistadt.at\/rosenberger\/wp-json\/wp\/v2\/pages"}],"about":[{"href":"https:\/\/www.museum-freistadt.at\/rosenberger\/wp-json\/wp\/v2\/types\/page"}],"author":[{"embeddable":true,"href":"https:\/\/www.museum-freistadt.at\/rosenberger\/wp-json\/wp\/v2\/users\/1"}],"replies":[{"embeddable":true,"href":"https:\/\/www.museum-freistadt.at\/rosenberger\/wp-json\/wp\/v2\/comments?post=86"}],"version-history":[{"count":34,"href":"https:\/\/www.museum-freistadt.at\/rosenberger\/wp-json\/wp\/v2\/pages\/86\/revisions"}],"predecessor-version":[{"id":2552,"href":"https:\/\/www.museum-freistadt.at\/rosenberger\/wp-json\/wp\/v2\/pages\/86\/revisions\/2552"}],"up":[{"embeddable":true,"href":"https:\/\/www.museum-freistadt.at\/rosenberger\/wp-json\/wp\/v2\/pages\/50"}],"wp:attachment":[{"href":"https:\/\/www.museum-freistadt.at\/rosenberger\/wp-json\/wp\/v2\/media?parent=86"}],"curies":[{"name":"wp","href":"https:\/\/api.w.org\/{rel}","templated":true}]}}